 17?
4
0 + 6 + -7 + (1 - 3) + -7 + -3
-13
What is 1 - -9 - (8 + -26 + 19) - (-39 + 46)?
2
Calculate -1 + -3 - (8 - (12 - 8)) - (-21 + -7).
20
What is -13 + 39 + -1 + -8 + (20 - (-4 - -34))?
7
Calculate 4595 - 4588 - (78 - (1 - ((-3 - -2) + -1))).
-68
Evaluate (11 + -26 - ((37 - 12) + 3)) + -1.
-44
-44 - (0 + 1) - (57 - (12 + 27))
-63
Calculate (15 - (1 - -6 - (57 - 53))) + 7.
19
What is 17 - 35 - 10 - (-2 - -7)?
-33
What is 7 + 2 - 23 - -11 - (-4 - 15)?
16
-8 - -98 - (166 - 129)
53
Evaluate 7 + 14 + 173 + (-182 - -58).
70
What is the value of (-1432 - -1531 - (1 + 29)) + -43?
26
What is the value of -232 - 0 - -210 - (75 - -1)?
-98
Evaluate 22 + (17 - (9 + -9)) - -68.
107
What is the value of 76 - (111 - 43) - (-24 - 0)?
32
What is -198 + 38 + 181 + (40 - -1)?
62
-11 + (7 - (-9 - (5 - -2 - -28)))
40
3 - (-32 - ((-96 - -100) + -11 + (4 - 2)))
30
Calculate (-20 - 11) + -10 - (29 + -45).
-25
Evaluate 29 + -21 + (19 - (20 - 6)).
13
Calculate -92 - (-10 + (19 + -20 - -13) + -10).
-84
What is the value of 1 + 28 - ((-62 - -58) + -13 + 3 - -8)?
35
-1 + 0 + (-12 + 6 - 5) + 30 + 63
81
What is the value of 7 + 1 - (-1 + 75 + 39 + (25 - 64))?
-66
What is (-59 - -45) + 0 + -1 + 30 + -60?
-45
Calculate -19 - (-14 + 9 - (11 + -8)).
-11
-319 + 314 - ((-7 - (-8 - 1)) + 80)
-87
What is the value of (5 - (-8 - 2 - -23) - (8 - 5)) + 66?
55
What is the value of (23 - 78 - -65) + 9 - (-2 + -11)?
32
What is the value of (-20 - 36 - -43) + 58?
45
Calculate 10 - (-20 + 7 - (-37 + 14)) - 55.
-55
What is the value of -9 - -7 - (13 + -1) - ((6 - 6) + -9)?
-5
41 - (10 - (-48 - 0))
-17
What is the value of -119 + (301 - (-10 + 72))?
120
Evaluate -37 + (7 - 43) + 122.
49
What is -13 - (-538 + 529 + (-30 - 0))?
26
-76 - (-390 + 131) - 56
127
Calculate -32 + (30 - (-10 - 53)) - -20.
81
Evaluate -41 - (0 + -4 - ((-4 - -1) + -83 + 83)).
-40
What is the value of (-3 - -120) + (-2 - (-2 + 6 + -6 + 8))?
109
Evaluate -7 + (87 - 37 - 27).
16
Calculate (9 + -14 - 79) + 142 + -133.
-75
What is the value of -23 - 0 - (7 - (154 - 152 - (2 + 2)))?
-32
Evaluate (70 + -15 - 20 - (0 - -4 - 3)) + 10.
44
-6 + 47 + -2 + (55 + -67 - -30)
57
31 - (-16 + 15 + (-21 - -12))
41
Evaluate 7 + -11 + -26 + 41 - (0 + 61).
-50
Calculate (-2 - 24 - 0) + -2701 + 2726.
-1
Calculate 11 + (-13 - 5) + 76 + 5.
74
What is the value of (4 - 13) + (-45 - (33 + -74))?
-13
Evaluate (26 - (8 - -8)) + -20 + 24 - (14 + 1).
-1
What is the value of -41 - (-9 - 40 - 10)?
18
What is -12 + 1 + 11 + 26?
26
What is (5 - (8 - 7) - (1 + (6 - 9))) + 12?
18
(16 - 9) + 49 - (34 + -29 + -13)
64
What is -89 - -23 - (10 + (1 - 1))?
-76
13 + -94 + 335 + -317
-63
What is the value of -32 + 104 + -22 + (-10 - 1) - 5?
34
Evaluate 35 + -24 + -27 + 37.
21
What is the value of -39 - (-18 + 15 - 10)?
-26
What is -51 - (973 + -965 - (-2 + -1))?
-62
Evaluate 10 - 2 - (-44 - (-6 - (-39 - -25))).
60
What is the value of (21 + -17 - 11) + (-10 - -23)?
6
What is (-19 - -97) + -119 + 22?
-19
What is the value of 31 + (20 - (-6 + (19 - 4)) - (9 + -1))?
34
Calculate -79 + (0 + 19 - 16) + 1 + -8 - 9.
-92
What is the value of -10 - (-10 + (-18 - -15)) - (11 + 0)?
-8
What is the value of 2 - (-10 - (-47 - -18)) - 11?
-28
Evaluate 4 - 6 - (1 + (118 + -6 + 1 - -2)).
-118
What is the value of 8 + 26 + 42 + -64 + -15?
-3
10 - (-2 + 11 + -8 - ((-3 - 4) + 4))
6
What is the value of (-6 - 34) + -7 + (4 - -13 - 13)?
-43
-1181 + 1266 + 20 + 9
114
-49 - ((-13 - -7) + -121 + 105)
-27
Calculate 5 + -7 + -1 + -2 + 6 + 12.
13
Evaluate -151 - (38 - (23 - 28) - 73).
-121
(25 - (-27 + 62)) + (-7 - (-20 - 1))
4
Calculate (-44 + 16 - 27) + -10 + (4 + -7 - -6).
-62
Evaluate -16 - -11 - ((43 - 4 - 7) + 11).
-48
Calculate -6 + 3 + 1 + -10 + 6 + -10 + 13.
-3
Evaluate (-41 - 92) + 95 + -22.
-60
Evaluate 55 - -3 - (-696 + 754).
0
What is (1 - 0) + 0 + (-17 - -5) + -5?
-16
Evaluate (-44 + 168 - 94) + (55 - 1).
84
(-59 - (21 + -10)) + (16 - (11 + -4)) + -19
-80
78 - (39 + -48 + 44)
43
Calculate -31 - (-11 + 3 + (-11 - -17) + 10 + -2).
-37
13 - 44 - -31 - 19
-19
What is the value of (-9 - (-7 - (-8 - -8))) + (14 - 1)?
11
What is the value of 0 + -5 + -11 + -4 + -29 + 8?
-41
What is the value of 44 + -2 + -60 + 12?
-6
What is -2268 - -2267 - ((-1 - 1) + 1 + -2)?
2
Evaluate -19 - -9 - ((15 - (-9 + 21) - 10) + 76).
-79
What is 20 + -7 + 4 + -17 - (-3 - 6)?
9
What is the value of 3 + -3 + -7 + (-20 + 4 - 3 - -8)?
-18
What is 13 + (9 - (-10 - -13)) + -12 + -14 - 92?
-99
Evaluate -49 - (14 + -21 + 2 + 0 - -5).
-49
What is -41 - -25 - 73 - -52?
-37
What is -117 + 3 + -1 + (-2 - -54 - (1213 + -1172))?
-104
Calculate (-7 - (-7 - -2) - (-15 - 4)) + 90.
107
Calculate -50 - (-18 + (27 - 13) - 2).
-44
30 - (-9 - -1 - (8 + (10 - 32)) - 6)
30
Calculate -2 - (-5 - (10 - ((20 - -6) + -12))).
-1
What is the value of -9 - 1 - (5 + (-28 - -8) + 9)?
-4
1610 + -1545 - (18 + -1)
48
What is -34 + (30 - (38 - 16 - -7))?
-33
19 - (14 - (-20 - 14))
-29
What is the value of (-35 - 2) + 70 + (58 - (-2 - -109))?
-16
What is the value of -1 - (-11 + 10) - ((11 - -4) + 5)?
-20
Calculate -290 + 278 - (-47 - (-1 + 2)).
36
Calculate (7 - -9) + 8 - (14 - -81).
-71
What is the value of (-36 - -144) + -101 + -105?
-98
-61 + -2 - (-171 + 287 - 110)
-69
Calculate (5 - -17 - -15) + (9 - (-11 + 5)).
52
Evaluate 31 - (86 - (-25 - -9)) - (5 + -1).
-75
What is 33 + (31 + (-77 - -29) - 9)?
7
What is the value of (42 - 51) + (15 - 4 - (-4 + 9)) - -53?
50
28 - 23 - -59 - 76
-12
What is -46 - (13 + -33 + -21)?
-5
What is the value of 41 - (0 + (42 - 74))?
73
Calculate 21 - (-15 + (1 - -13) + -19).
41
(13 - 1) + (76 - (170 + -87))
5
Evaluate 2 + (-15 - -3) - (-11 + 16).
-15
Calculate (102 - 190) + 138 + -29.
21
Calculate -25 + 11 + 20 - (-3 + 14) - 51.
-56
What is -6 + ((-6 - (1 - 6)) + -5 - (9 - -35))?
-56
What is (-25 - -8 - 0 - -34) + -5?
12
0 + 81 + -31 + 19
69
What is the value of 10 + (2 + 4 - (9 - 10 - 45)) - -4?
66
What is 3 + -6 - (-163 - (-109 - 89))?
-38
What is the value of -12 + (2 - 1) - (-20429 + 20498)?
-80
-18 - (-147 + 177 - (3 + 14))
-31
Evaluate 107 + (-65 - 15) - -25.
52
1004 - 1057 - (-20 + 1 + 0)
-34
Evaluate (9 + -10 + 19 - 11) + (-5 + 2 - 8).
-4
Evaluate 33 + (-432 - -451) + (3 + -1 - -1).
55
What is the value of -4 - ((155 - 154) + (5 - 3))?
-7
Calculate -18 + -10 + 52 + -27.
-3
What is the value of 7 + 0 + -1 + 3 + 2803 + -2834?
-22
(-1 - (-37 - -3)) + (-35 - (-52 + 18 + -3))
35
Evaluate (-201985 - -201985) + -1 + (-1 - 0 - -90).
88
-29 - ((-3 + -5 - -8) + 7) - (10 + -11)
-35
Evaluate (-4 + -40 - 33) + -4 - 6.
-87
What is ((25 - 13) + -23 - -5 - -77) + -8?
63
What is the value of 18 + -11 + (-6 - -16) + 7 + 1?
25
Calculate 23 + (99 - (-60 - -170)).
12
What is the value of 15 + (-513 - -512) + 26 + 0?
40
What is the value of 0 + -3 - -1 - (-48 - 1 - -88)?
-41
Evaluate -53 + -57 + -11 + 118.
-3
What is the value of 14 + (9 - 4 - (-12 - -17)) + -12 + 15?
17
What is (2 - 1) + -1 + (45 - (75 - -120 - 18))?
-132
What is 56 - (21 + -38 + 44)?
29
(-138 - -79 - (-53 - -4)) + (-34 - 0)
-44
What is the value of (14 - 11) + (4 - (1 - 1)) - (179 - 175)?
3
What is the value of 0 + 23 + 162 + -167 + (13 - -1)?
32
(44 + -1 - 134) + 52
-39
-58 + -51 + 84 - 36
-61
(-1 - (-26 + -1 + 18)) + -10
-2
Evaluate (-15 - (-2 + 2)) + (31 - -3 - 56 - -32).
-5
Calculate 0 + -104 + 1 + 2 - 1 - (-2830 + 2818).
-90
What is the value of -87 - ((-29 - 18) + 44 + (1 - -5))?
-90
What is the value of 43 + -36 + 25 + 3 - -28?
63
5 + 2 - 25 - (-14 + 2 + 5)
-11
What is -617 + 609 - (-5 + 4)?
-7
What is -125 - -18 - 60 - -107?
-60
Calculate -82 - (1 + -49 + 3).
-37
Calculate -88 + 71 + -11 + 9 + 8.
-11
What is the value of -18 + 24 - -16 - (12 + 5)?
5
(-36 - (5 - 1)) + 62 + 92
114
What is 48 + 12 + (-27 - -3)?
36
(-67 + 99 - 53) + 42
21
Evaluate (-118 - -1) + -225 + -309 + 535.
-116
What is 22 + (97 - (139 - 1))?
-19
What is the value of -15 + (-43 - (3 - 15))?
-46
Evaluate -15 + (-6 + -6 - -45) - 32.
-14
Evaluate 273 + -73 + -93 - (5 + 14).
88
What is the value of 90 + (-15 - (3 - -17 - 34))?
89
Calculate 0 - (8 + -2) - (-2129 + 2224) - 12.
-113
Calculate 25 - ((3 - 18) + 48 + 26).
-34
What is the value of 17 + (-4 - (-5 + 7)) - (-20 + 8)?
23
What is -2 + -13 + 2 - (81 + -50 + 10)?
-54
Evaluate -151 - -100 - -50 - -47.
46
What is the value